the highest common factor of 7104 and 213414.
6
Calculate the highest common factor of 18497864 and 168.
56
What is the highest common factor of 54501 and 686418?
1473
What is the greatest common factor of 44615814 and 30?
6
Calculate the greatest common divisor of 11064690 and 1036410.
5790
Calculate the greatest common divisor of 30150 and 9894627.
603
What is the greatest common factor of 11280 and 3083435?
235
Calculate the greatest common factor of 594 and 112642434.
54
Calculate the greatest common divisor of 1580766 and 29326.
946
Calculate the highest common factor of 10897189 and 1333.
43
What is the highest common factor of 95319 and 23674?
623
What is the greatest common factor of 126 and 101101140?
126
Calculate the highest common factor of 104 and 691442648.
104
What is the highest common divisor of 7057491 and 4893?
21
What is the highest common divisor of 17537914 and 1173?
391
What is the highest common factor of 54900 and 6498?
18
What is the greatest common divisor of 20648866 and 854?
854
Calculate the highest common divisor of 97890 and 134.
2
What is the greatest common divisor of 1744057 and 147?
49
What is the highest common factor of 19520189 and 332?
83
Calculate the highest common divisor of 119 and 1634890.
17
What is the greatest common factor of 348 and 399083268?
348
Calculate the highest common divisor of 74298249 and 81.
27
Calculate the highest common factor of 97874 and 2324.
14
Calculate the highest common factor of 786099 and 12874.
157
What is the highest common factor of 816 and 247544718?
102
What is the highest common factor of 401599687 and 17?
17
What is the greatest common divisor of 160 and 1227640?
40
Calculate the highest common divisor of 42 and 34734126.
42
Calculate the greatest common divisor of 329269077 and 474.
237
What is the greatest common divisor of 87853031 and 28359?
3151
Calculate the highest common divisor of 4048058 and 36218.
2786
Calculate the highest common divisor of 50 and 154397050.
50
Calculate the greatest common divisor of 9456 and 299776.
16
What is the greatest common factor of 14 and 247308453?
7
What is the highest common divisor of 3474 and 54263301?
579
Calculate the greatest common divisor of 3290 and 167148450.
3290
What is the highest common divisor of 1578 and 16089814?
526
Calculate the greatest common divisor of 22553953 and 109.
109
Calculate the highest common factor of 12 and 667540404.
12
What is the greatest common factor of 955765 and 207?
23
Calculate the greatest common factor of 8589529 and 39.
13
What is the greatest common factor of 62198378 and 1474?
1474
What is the highest common factor of 2132 and 9003969?
533
What is the highest common divisor of 921026 and 8755?
1751
Calculate the highest common divisor of 141932232 and 312.
312
Calculate the highest common divisor of 7131 and 303.
3
Calculate the greatest common factor of 385 and 2157233155.
385
What is the highest common factor of 20 and 264901115?
5
Calculate the highest common divisor of 529934793 and 6.
3
Calculate the highest common factor of 6808373 and 521183.
611
What is the greatest common factor of 4752 and 36204432?
528
Calculate the greatest common divisor of 2664 and 8397224.
296
What is the greatest common divisor of 9075842 and 12136?
82
What is the greatest common factor of 625650632 and 1004?
1004
Calculate the greatest common divisor of 51500 and 340180.
20
What is the greatest common factor of 71 and 67157?
1
Calculate the greatest common divisor of 5078883 and 414.
69
What is the highest common factor of 55 and 3200195?
5
What is the greatest common divisor of 972502 and 2074?
34
Calculate the greatest common divisor of 15 and 380343.
3
Calculate the highest common factor of 2583 and 7261551.
369
Calculate the highest common divisor of 3701397 and 3311.
301
Calculate the highest common divisor of 138672 and 2946352.
1712
What is the greatest common factor of 95421 and 2840178?
5613
What is the greatest common factor of 72883286 and 48069?
5341
What is the greatest common divisor of 17766 and 24346?
658
Calculate the greatest common factor of 12348495 and 14021.
2003
Calculate the greatest common factor of 13299 and 192621.
429
Calculate the greatest common divisor of 293 and 142527799.
293
What is the greatest common factor of 194430522 and 390?
78
What is the greatest common factor of 4017825 and 428400?
1575
What is the highest common divisor of 3745 and 77136514?
749
Calculate the highest common factor of 32126448 and 2688.
48
What is the highest common factor of 3 and 176627850?
3
Calculate the highest common divisor of 495 and 3850209.
99
Calculate the greatest common factor of 24890 and 87602320.
1310
Calculate the greatest common factor of 2556519 and 44793.
1659
What is the highest common factor of 30058662 and 141?
141
Calculate the greatest common factor of 7953 and 20130.
33
Calculate the highest common divisor of 10318 and 748.
22
What is the highest common divisor of 14 and 2071891766?
14
Calculate the greatest common divisor of 116415 and 28080.
585
Calculate the highest common factor of 648974 and 2333334.
4954
Calculate the highest common factor of 79625 and 15379.
91
Calculate the greatest common divisor of 49876 and 1606816.
1348
Calculate the highest common factor of 3521189 and 56.
7
What is the greatest common divisor of 38125 and 862375?
125
Calculate the greatest common factor of 1518870 and 1873470.
5910
What is the greatest common factor of 50549502 and 36?
6
Calculate the highest common divisor of 1936 and 5718702.
242
What is the highest common divisor of 5180 and 824915?
1295
Calculate the highest common divisor of 639077 and 1653139.
641
What is the greatest common factor of 2049890 and 25695?
2855
What is the highest common divisor of 5250382 and 374?
34
Calculate the highest common factor of 3077 and 1378411.
17
What is the greatest common divisor of 6552 and 628299?
63
Calculate the highest common divisor of 40 and 8610222.
2
What is the highest common factor of 1091408 and 272?
16
What is the greatest common divisor of 5992818 and 51012?
78
Calculate the highest common factor of 3608747 and 1.
1
What is the greatest common divisor of 10 and 1021472930?
10
Calculate the highest common divisor of 1223474 and 50071.
2177
Calculate the highest common factor of 1260 and 157003560.
1260
What is the greatest common divisor of 519752954 and 2408?
602
Calculate the greatest common factor of 55728941 and 1309.
17
Calculate the greatest common factor of 25568 and 151708.
68
Calculate the highest common divisor of 1215771473 and 119.
119
Calculate the highest common divisor of 9996 and 5151468.
588
Calculate the highest common factor of 1951232 and 8240.
1648
Calculate the greatest common divisor of 809312 and 104777.
3613
Calculate the greatest common divisor of 3556655 and 136.
17
What is the highest common divisor of 244 and 1132382528?
244
What is the highest common divisor of 1483363 and 1869?
623
Calculate the highest common divisor of 9 and 4702800.
3
Calculate the highest common divisor of 3990 and 64539790.
70
Calculate the highest common divisor of 21 and 28677901.
7
What is the highest common divisor of 595096 and 72?
8
What is the greatest common divisor of 130 and 6695390?
130
Calculate the highest common divisor of 352 and 371425.
1
What is the highest common factor of 2135 and 8762467?
427
What is the highest common divisor of 3330 and 22903?
37
Calculate the highest common factor of 1271163 and 8230956.
7023
Calculate the greatest common divisor of 25132884 and 392.
196
Calculate the highest common divisor of 6554 and 270585167.
3277
Calculate the greatest common factor of 252 and 84343581.
63
What is the greatest common factor of 2 and 188935658?
2
What is the greatest common factor of 377 and 18701462?
377
What is the highest common divisor of 440 and 33500555?
55
What is the greatest common factor of 4996 and 11914211?
1249
Calculate the greatest common factor of 1941321 and 249.
3
Calculate the highest common factor of 69 and 285421674.
69
Calculate the highest common factor of 223468 and 102396.
644
What is the greatest common factor of 376 and 44540208?
376
What is the highest common divisor of 441676 and 2716?
4
Calculate the 